{"id":220,"date":"2023-08-08T18:30:30","date_gmt":"2023-08-08T21:30:30","guid":{"rendered":"https:\/\/adm.org.ar\/newsite\/?page_id=220"},"modified":"2023-08-08T18:31:14","modified_gmt":"2023-08-08T21:31:14","slug":"definiciones","status":"publish","type":"page","link":"https:\/\/adm.org.ar\/newsite\/definiciones\/","title":{"rendered":"Definiciones"},"content":{"rendered":"\t\t<div data-elementor-type=\"wp-page\" data-elementor-id=\"220\" class=\"elementor elementor-220\" data-elementor-post-type=\"page\">\n\t\t\t\t\t\t<section class=\"elementor-section elementor-top-section elementor-element elementor-element-5d9c01a elementor-section-boxed elementor-section-height-default elementor-section-height-default\" data-id=\"5d9c01a\" data-element_type=\"section\" data-e-type=\"section\">\n\t\t\t\t\t\t<div class=\"elementor-container elementor-column-gap-default\">\n\t\t\t\t\t<div class=\"elementor-column elementor-col-100 elementor-top-column elementor-element elementor-element-ed55afa\" data-id=\"ed55afa\" data-element_type=\"column\" data-e-type=\"column\">\n\t\t\t<div class=\"elementor-widget-wrap elementor-element-populated\">\n\t\t\t\t\t\t<div class=\"elementor-element elementor-element-10f5294 elementor-widget elementor-widget-heading\" data-id=\"10f5294\" data-element_type=\"widget\" data-e-type=\"widget\" data-widget_type=\"heading.default\">\n\t\t\t\t<div class=\"elementor-widget-container\">\n\t\t\t\t\t<h2 class=\"elementor-heading-title elementor-size-default\">Definiciones<\/h2>\t\t\t\t<\/div>\n\t\t\t\t<\/div>\n\t\t\t\t<div class=\"elementor-element elementor-element-d9062c4 elementor-widget elementor-widget-text-editor\" data-id=\"d9062c4\" data-element_type=\"widget\" data-e-type=\"widget\" data-widget_type=\"text-editor.default\">\n\t\t\t\t<div class=\"elementor-widget-container\">\n\t\t\t\t\t\t\t\t\t<p><b>CUD<\/b><\/p><p>El Certificado \u00danico de Discapacidad o CUD es un documento p\u00fablico de validez nacional emitido por una junta evaluadora interdisciplinaria que certifica la discapacidad de la persona. El CUD es un documento inviolable e intransferible que cuenta con n\u00famero \u00fanico, c\u00f3digo de barras y logo institucional.\u00a0<\/p><p>Leer m\u00e1s en:<a href=\"https:\/\/www.snr.gob.ar\/cud\/\">\u00a0https:\/\/www.snr.gob.ar\/cud\/<\/a><\/p><p><b>PNC<\/b><\/p><p>Todos tenemos derecho a vivir en condiciones dignas. Sin excepci\u00f3n. Por eso, las personas con discapacidad en situaci\u00f3n de vulnerabilidad social pueden acceder a un apoyo econ\u00f3mico que consiste en la asignaci\u00f3n de\u00a0<b>pensiones no contributivas\u00a0<\/b>y no requieren de aportes para su otorgamiento.<\/p><p>Leer m\u00e1s en https:\/\/www.argentina.gob.ar\/andis\/solicitar-una-pension-no-contributiva<br \/><br \/><b>ANDIS<\/b><\/p><p>Es la Agencia Nacional de Discapacidad, organismo que fomenta el desarrollo y la aplicaci\u00f3n de pol\u00edticas que consoliden derechos de las personas con discapacidad, potenciando la transformaci\u00f3n social y la inclusi\u00f3n.<br \/>Leer m\u00e1s en\u00a0<a href=\"https:\/\/www.argentina.gob.ar\/andis\">https:\/\/www.argentina.gob.ar\/andis<\/a><\/p><p><b>ANMAT<\/b><\/p><p>La Administraci\u00f3n Nacional de Medicamentos, Alimentos y Tecnolog\u00eda M\u00e9dica (ANMAT) es un organismo descentralizado de la Administraci\u00f3n P\u00fablica Nacional creado en agosto de 1992, mediante decreto 1490\/92. Colabora en la protecci\u00f3n de la salud humana, garantizando que los medicamentos, alimentos y dispositivos m\u00e9dicos a disposici\u00f3n de los ciudadanos posean eficacia (que cumplan su objetivo terap\u00e9utico, nutricional o diagn\u00f3stico), seguridad (alto coeficiente beneficio\/riesgo) y calidad (que respondan a las necesidades y expectativas de la poblaci\u00f3n). Para ello, se encarga de llevar adelante los procesos de autorizaci\u00f3n, registro, normatizaci\u00f3n, vigilancia y fiscalizaci\u00f3n de los productos de su competencia en todo el territorio nacional. La ANMAT depende t\u00e9cnica y cient\u00edficamente de las normas y directivas que le imparte la Secretar\u00eda de Pol\u00edticas, Regulaci\u00f3n e Institutos del Ministerio de Salud, con un r\u00e9gimen de autarqu\u00eda econ\u00f3mica y financiera. En 2011, fue distinguida como \u201cAutoridad Reguladora de Referencia Regional para Medicamentos\u201d por la Organizaci\u00f3n Panamericana de la Salud (OPS).<br \/>Leer m\u00e1s en<a href=\"http:\/\/www.anmat.gov.ar\/\">\u00a0http:\/\/www.anmat.gov.ar\/<\/a><\/p><p><br \/><b>FDA<\/b><br \/>La FDA (US Food and Drugs Administration) es el organismo de los Estados Unidos\u00a0 responsable de:<\/p><ul><li aria-level=\"1\">Proteger la salud p\u00fablica mediante la regulaci\u00f3n de los medicamentos de uso humano y veterinario, vacunas y otros productos biol\u00f3gicos, dispositivos m\u00e9dicos, el abastecimiento de alimentos en EEUU, los cosm\u00e9ticos, los suplementos diet\u00e9ticos y los productos que emiten radiaciones.<\/li><li aria-level=\"1\">Favorecer la salud p\u00fablica mediante el fomento de las innovaciones de productos.<\/li><li aria-level=\"1\">Proveer al p\u00fablico la informaci\u00f3n necesaria, exacta, con base cient\u00edfica, que le permita utilizar medicamentos y alimentos para mejorar su salud.\u00a0<\/li><\/ul><p>Las responsabilidades de la FDA se extienden a los 50 estados de Estados Unidos, el Distrito de Columbia, Puerto Rico, Guama, las Islas V\u00edrgenes, Samoa Americana y otros territorios y posesiones de Estados Unidos.<\/p><p>Leer m\u00e1s en:<\/p><p><a href=\"http:\/\/www.fda.gov\/AboutFDA\/Transparency\/Basics\/EnEspanol\/ucm196467.htm\">http:\/\/www.fda.gov\/AboutFDA\/Transparency\/Basics\/EnEspanol\/ucm196467.htm<\/a><\/p><p><b>EMA<\/b><\/p><p>La misi\u00f3n de la\u00a0 Agencia Europea de Medicamentos (EMA) es fomentar la excelencia cient\u00edfica en la evaluaci\u00f3n y supervisi\u00f3n de medicamentos, en beneficio de la salud p\u00fablica y animal en la Uni\u00f3n Europea (UE).<\/p><p>Leer m\u00e1s en:<\/p><p>\u00a0http:\/\/www.ema.europa.eu\/ema\/index.jsp?curl=pages\/about_us\/general\/general_content_000091.jsp&amp;mid=WC0b01ac0580028a42<\/p><p><a href=\"http:\/\/www.ema.europa.eu\/ema\/\">http:\/\/www.ema.europa.eu\/ema\/<\/a><\/p>\t\t\t\t\t\t\t\t<\/div>\n\t\t\t\t<\/div>\n\t\t\t\t\t<\/div>\n\t\t<\/div>\n\t\t\t\t\t<\/div>\n\t\t<\/section>\n\t\t\t\t<\/div>\n\t\t","protected":false},"excerpt":{"rendered":"<p>Definiciones CUD El Certificado \u00danico de Discapacidad o CUD es un documento p\u00fablico de validez nacional emitido por una junta evaluadora interdisciplinaria que certifica la discapacidad de la persona. El CUD es un documento inviolable e intransferible que cuenta con n\u00famero \u00fanico, c\u00f3digo de barras y logo institucional.\u00a0 Leer m\u00e1s en:\u00a0https:\/\/www.snr.gob.ar\/cud\/ PNC Todos tenemos derecho [&hellip;]<\/p>\n","protected":false},"author":2,"featured_media":0,"parent":0,"menu_order":0,"comment_status":"closed","ping_status":"closed","template":"","meta":{"_joinchat":[],"footnotes":""},"class_list":["post-220","page","type-page","status-publish","hentry"],"yoast_head":"<!-- This site is optimized with the Yoast SEO plugin v27.1.1 - https:\/\/yoast.com\/product\/yoast-seo-wordpress\/ -->\n<title>Definiciones - ADM Argentina<\/title>\n<meta name=\"robots\" content=\"index, follow, max-snippet:-1, max-image-preview:large, max-video-preview:-1\" \/>\n<link rel=\"canonical\" href=\"https:\/\/adm.org.ar\/newsite\/definiciones\/\" \/>\n<meta property=\"og:locale\" content=\"es_ES\" \/>\n<meta property=\"og:type\" content=\"article\" \/>\n<meta property=\"og:title\" content=\"Definiciones - ADM Argentina\" \/>\n<meta property=\"og:description\" content=\"Definiciones CUD El Certificado \u00danico de Discapacidad o CUD es un documento p\u00fablico de validez nacional emitido por una junta evaluadora interdisciplinaria que certifica la discapacidad de la persona. El CUD es un documento inviolable e intransferible que cuenta con n\u00famero \u00fanico, c\u00f3digo de barras y logo institucional.\u00a0 Leer m\u00e1s en:\u00a0https:\/\/www.snr.gob.ar\/cud\/ PNC Todos tenemos derecho [&hellip;]\" \/>\n<meta property=\"og:url\" content=\"https:\/\/adm.org.ar\/newsite\/definiciones\/\" \/>\n<meta property=\"og:site_name\" content=\"ADM Argentina\" \/>\n<meta property=\"article:publisher\" content=\"https:\/\/www.facebook.com\/adm.argentina\" \/>\n<meta property=\"article:modified_time\" content=\"2023-08-08T21:31:14+00:00\" \/>\n<meta name=\"twitter:card\" content=\"summary_large_image\" \/>\n<meta name=\"twitter:label1\" content=\"Tiempo de lectura\" \/>\n\t<meta name=\"twitter:data1\" content=\"3 minutos\" \/>\n<script type=\"application\/ld+json\" class=\"yoast-schema-graph\">{\"@context\":\"https:\/\/schema.org\",\"@graph\":[{\"@type\":\"WebPage\",\"@id\":\"https:\/\/adm.org.ar\/newsite\/definiciones\/\",\"url\":\"https:\/\/adm.org.ar\/newsite\/definiciones\/\",\"name\":\"Definiciones - ADM Argentina\",\"isPartOf\":{\"@id\":\"https:\/\/adm.org.ar\/newsite\/#website\"},\"datePublished\":\"2023-08-08T21:30:30+00:00\",\"dateModified\":\"2023-08-08T21:31:14+00:00\",\"breadcrumb\":{\"@id\":\"https:\/\/adm.org.ar\/newsite\/definiciones\/#breadcrumb\"},\"inLanguage\":\"es-AR\",\"potentialAction\":[{\"@type\":\"ReadAction\",\"target\":[\"https:\/\/adm.org.ar\/newsite\/definiciones\/\"]}]},{\"@type\":\"BreadcrumbList\",\"@id\":\"https:\/\/adm.org.ar\/newsite\/definiciones\/#breadcrumb\",\"itemListElement\":[{\"@type\":\"ListItem\",\"position\":1,\"name\":\"Inicio\",\"item\":\"https:\/\/adm.org.ar\/newsite\/\"},{\"@type\":\"ListItem\",\"position\":2,\"name\":\"Definiciones\"}]},{\"@type\":\"WebSite\",\"@id\":\"https:\/\/adm.org.ar\/newsite\/#website\",\"url\":\"https:\/\/adm.org.ar\/newsite\/\",\"name\":\"ADM Argentina\",\"description\":\"ADM Argentina\",\"publisher\":{\"@id\":\"https:\/\/adm.org.ar\/newsite\/#organization\"},\"potentialAction\":[{\"@type\":\"SearchAction\",\"target\":{\"@type\":\"EntryPoint\",\"urlTemplate\":\"https:\/\/adm.org.ar\/newsite\/?s={search_term_string}\"},\"query-input\":{\"@type\":\"PropertyValueSpecification\",\"valueRequired\":true,\"valueName\":\"search_term_string\"}}],\"inLanguage\":\"es-AR\"},{\"@type\":\"Organization\",\"@id\":\"https:\/\/adm.org.ar\/newsite\/#organization\",\"name\":\"ADM Argentina\",\"url\":\"https:\/\/adm.org.ar\/newsite\/\",\"logo\":{\"@type\":\"ImageObject\",\"inLanguage\":\"es-AR\",\"@id\":\"https:\/\/adm.org.ar\/newsite\/#\/schema\/logo\/image\/\",\"url\":\"https:\/\/adm.org.ar\/newsite\/wp-content\/uploads\/2023\/08\/ADM_Logo_2021.png\",\"contentUrl\":\"https:\/\/adm.org.ar\/newsite\/wp-content\/uploads\/2023\/08\/ADM_Logo_2021.png\",\"width\":882,\"height\":340,\"caption\":\"ADM Argentina\"},\"image\":{\"@id\":\"https:\/\/adm.org.ar\/newsite\/#\/schema\/logo\/image\/\"},\"sameAs\":[\"https:\/\/www.facebook.com\/adm.argentina\",\"https:\/\/www.youtube.com\/user\/admargentina\",\"https:\/\/www.instagram.com\/asociacion.distrofia.muscular\"]}]}<\/script>\n<!-- \/ Yoast SEO plugin. -->","yoast_head_json":{"title":"Definiciones - ADM Argentina","robots":{"index":"index","follow":"follow","max-snippet":"max-snippet:-1","max-image-preview":"max-image-preview:large","max-video-preview":"max-video-preview:-1"},"canonical":"https:\/\/adm.org.ar\/newsite\/definiciones\/","og_locale":"es_ES","og_type":"article","og_title":"Definiciones - ADM Argentina","og_description":"Definiciones CUD El Certificado \u00danico de Discapacidad o CUD es un documento p\u00fablico de validez nacional emitido por una junta evaluadora interdisciplinaria que certifica la discapacidad de la persona. El CUD es un documento inviolable e intransferible que cuenta con n\u00famero \u00fanico, c\u00f3digo de barras y logo institucional.\u00a0 Leer m\u00e1s en:\u00a0https:\/\/www.snr.gob.ar\/cud\/ PNC Todos tenemos derecho [&hellip;]","og_url":"https:\/\/adm.org.ar\/newsite\/definiciones\/","og_site_name":"ADM Argentina","article_publisher":"https:\/\/www.facebook.com\/adm.argentina","article_modified_time":"2023-08-08T21:31:14+00:00","twitter_card":"summary_large_image","twitter_misc":{"Tiempo de lectura":"3 minutos"},"schema":{"@context":"https:\/\/schema.org","@graph":[{"@type":"WebPage","@id":"https:\/\/adm.org.ar\/newsite\/definiciones\/","url":"https:\/\/adm.org.ar\/newsite\/definiciones\/","name":"Definiciones - ADM Argentina","isPartOf":{"@id":"https:\/\/adm.org.ar\/newsite\/#website"},"datePublished":"2023-08-08T21:30:30+00:00","dateModified":"2023-08-08T21:31:14+00:00","breadcrumb":{"@id":"https:\/\/adm.org.ar\/newsite\/definiciones\/#breadcrumb"},"inLanguage":"es-AR","potentialAction":[{"@type":"ReadAction","target":["https:\/\/adm.org.ar\/newsite\/definiciones\/"]}]},{"@type":"BreadcrumbList","@id":"https:\/\/adm.org.ar\/newsite\/definiciones\/#breadcrumb","itemListElement":[{"@type":"ListItem","position":1,"name":"Inicio","item":"https:\/\/adm.org.ar\/newsite\/"},{"@type":"ListItem","position":2,"name":"Definiciones"}]},{"@type":"WebSite","@id":"https:\/\/adm.org.ar\/newsite\/#website","url":"https:\/\/adm.org.ar\/newsite\/","name":"ADM Argentina","description":"ADM Argentina","publisher":{"@id":"https:\/\/adm.org.ar\/newsite\/#organization"},"potentialAction":[{"@type":"SearchAction","target":{"@type":"EntryPoint","urlTemplate":"https:\/\/adm.org.ar\/newsite\/?s={search_term_string}"},"query-input":{"@type":"PropertyValueSpecification","valueRequired":true,"valueName":"search_term_string"}}],"inLanguage":"es-AR"},{"@type":"Organization","@id":"https:\/\/adm.org.ar\/newsite\/#organization","name":"ADM Argentina","url":"https:\/\/adm.org.ar\/newsite\/","logo":{"@type":"ImageObject","inLanguage":"es-AR","@id":"https:\/\/adm.org.ar\/newsite\/#\/schema\/logo\/image\/","url":"https:\/\/adm.org.ar\/newsite\/wp-content\/uploads\/2023\/08\/ADM_Logo_2021.png","contentUrl":"https:\/\/adm.org.ar\/newsite\/wp-content\/uploads\/2023\/08\/ADM_Logo_2021.png","width":882,"height":340,"caption":"ADM Argentina"},"image":{"@id":"https:\/\/adm.org.ar\/newsite\/#\/schema\/logo\/image\/"},"sameAs":["https:\/\/www.facebook.com\/adm.argentina","https:\/\/www.youtube.com\/user\/admargentina","https:\/\/www.instagram.com\/asociacion.distrofia.muscular"]}]}},"_links":{"self":[{"href":"https:\/\/adm.org.ar\/newsite\/wp-json\/wp\/v2\/pages\/220","targetHints":{"allow":["GET"]}}],"collection":[{"href":"https:\/\/adm.org.ar\/newsite\/wp-json\/wp\/v2\/pages"}],"about":[{"href":"https:\/\/adm.org.ar\/newsite\/wp-json\/wp\/v2\/types\/page"}],"author":[{"embeddable":true,"href":"https:\/\/adm.org.ar\/newsite\/wp-json\/wp\/v2\/users\/2"}],"replies":[{"embeddable":true,"href":"https:\/\/adm.org.ar\/newsite\/wp-json\/wp\/v2\/comments?post=220"}],"version-history":[{"count":4,"href":"https:\/\/adm.org.ar\/newsite\/wp-json\/wp\/v2\/pages\/220\/revisions"}],"predecessor-version":[{"id":224,"href":"https:\/\/adm.org.ar\/newsite\/wp-json\/wp\/v2\/pages\/220\/revisions\/224"}],"wp:attachment":[{"href":"https:\/\/adm.org.ar\/newsite\/wp-json\/wp\/v2\/media?parent=220"}],"curies":[{"name":"wp","href":"https:\/\/api.w.org\/{rel}","templated":true}]}}