{"version":"1.0","provider_name":"ADM Argentina","provider_url":"https:\/\/adm.org.ar\/newsite","title":"\u00a1Un nuevo encuentro para pensar juntos! - ADM Argentina","type":"rich","width":600,"height":338,"html":"<blockquote class=\"wp-embedded-content\" data-secret=\"FfJ9MkQmQe\"><a href=\"https:\/\/adm.org.ar\/newsite\/un-nuevo-encuentro-para-pensar-juntos\/\">\u00a1Un nuevo encuentro para pensar juntos!<\/a><\/blockquote><iframe sandbox=\"allow-scripts\" security=\"restricted\" src=\"https:\/\/adm.org.ar\/newsite\/un-nuevo-encuentro-para-pensar-juntos\/embed\/#?secret=FfJ9MkQmQe\" width=\"600\" height=\"338\" title=\"&#8220;\u00a1Un nuevo encuentro para pensar juntos!&#8221; &#8212; ADM Argentina\" data-secret=\"FfJ9MkQmQe\" frameborder=\"0\" marginwidth=\"0\" marginheight=\"0\" scrolling=\"no\" class=\"wp-embedded-content\"><\/iframe><script>\n\/*! This file is auto-generated *\/\n!function(d,l){\"use strict\";l.querySelector&&d.addEventListener&&\"undefined\"!=typeof URL&&(d.wp=d.wp||{},d.wp.receiveEmbedMessage||(d.wp.receiveEmbedMessage=function(e){var t=e.data;if((t||t.secret||t.message||t.value)&&!\/[^a-zA-Z0-9]\/.test(t.secret)){for(var s,r,n,a=l.querySelectorAll('iframe[data-secret=\"'+t.secret+'\"]'),o=l.querySelectorAll('blockquote[data-secret=\"'+t.secret+'\"]'),c=new RegExp(\"^https?:$\",\"i\"),i=0;i<o.length;i++)o[i].style.display=\"none\";for(i=0;i<a.length;i++)s=a[i],e.source===s.contentWindow&&(s.removeAttribute(\"style\"),\"height\"===t.message?(1e3<(r=parseInt(t.value,10))?r=1e3:~~r<200&&(r=200),s.height=r):\"link\"===t.message&&(r=new URL(s.getAttribute(\"src\")),n=new URL(t.value),c.test(n.protocol))&&n.host===r.host&&l.activeElement===s&&(d.top.location.href=t.value))}},d.addEventListener(\"message\",d.wp.receiveEmbedMessage,!1),l.addEventListener(\"DOMContentLoaded\",function(){for(var e,t,s=l.querySelectorAll(\"iframe.wp-embedded-content\"),r=0;r<s.length;r++)(t=(e=s[r]).getAttribute(\"data-secret\"))||(t=Math.random().toString(36).substring(2,12),e.src+=\"#?secret=\"+t,e.setAttribute(\"data-secret\",t)),e.contentWindow.postMessage({message:\"ready\",secret:t},\"*\")},!1)))}(window,document);\n\/\/# sourceURL=https:\/\/adm.org.ar\/newsite\/wp-includes\/js\/wp-embed.min.js\n<\/script>\n","thumbnail_url":"https:\/\/adm.org.ar\/newsite\/wp-content\/uploads\/2024\/08\/zoom.png","thumbnail_width":1594,"thumbnail_height":897,"description":"En el marco del ciclo de charlas lanzada \u00e9ste a\u00f1o, en el mes de junio nos acompa\u00f1\u00f3 el abogado Pedro Irineo Avalos, Coordinator del Servicio de Asesoramiento Jur\u00eddico en Discapacidad de la Confederaci\u00f3n General de Jubilados, Retirados, Pensionados y Adultos Mayores del Pa\u00eds, para conversar sobre pensiones y jubilaciones para personas con discapacidad. Durante el [&hellip;]"}

En el marco del ciclo de charlas lanzada éste año, en el mes de junio nos acompañó el abogado Pedro Irineo Avalos, Coordinator del Servicio de Asesoramiento Jurídico en Discapacidad de la Confederación General de Jubilados, Retirados, Pensionados y Adultos Mayores del País, para conversar sobre pensiones y jubilaciones para personas con discapacidad. Durante el [&hellip;]
